3*g, 0 = 2*r - 2*g - v. What are the prime factors of r?
2, 3
Let u be 5/(-50)*4*5. List the prime factors of (u + -40)*14/(-4).
3, 7
Let j = -22 + 26. Let p = j + -1. What are the prime factors of p?
3
What are the prime factors of (13 - 5)*(523/(-4))/(-1)?
2, 523
Suppose -3*x + 45 = -36. Let d = 18 + x. What are the prime factors of d?
3, 5
Let t(m) = -359*m - 33. What are the prime factors of t(-3)?
2, 3, 29
Suppose -4*n + 4*p + 756 = 0, 4*p - 360 = -2*n - 0*p. Let q = n - 98. What are the prime factors of q?
2, 11
Let q(f) = f**3 - 6*f**2 + f - 7. Let a be q(6). Let z = a - -5. Suppose -5*c + z = -6. What are the prime factors of c?
2
Suppose -4*o + 5*m = -3*o - 4488, -m - 4480 = -o. List the prime factors of o.
2, 2239
Let p = -29 + 9. Let d(c) = -7*c + 33. Let u be d(10). Let g = p - u. What are the prime factors of g?
17
Let k(a) = a**2 + 3. Let c = 1 + -1. Let p be k(c). Suppose p*x + 29 = 4*l, -3*x - x - 2 = 2*l. What are the prime factors of l?
5
Suppose 15*f = 2168 + 5632. What are the prime factors of f?
2, 5, 13
Let f = 6 + -1. Suppose 0 = f*x - x - 856. Suppose 0 = -2*d - 2*d + 3*v + x, -2*d + 3*v = -104. What are the prime factors of d?
5, 11
Let l be (4/8 - 3)*-2. Suppose 0*a = 5*c - 3*a - 15, -l*a = 25. Suppose c = 5*x + 2*v - 49, -3*x + 12 = -3*v - 9. What are the prime factors of x?
3
Suppose 0 = -40*c + 43*c - 12. Suppose -4*q + 256 - 8 = -3*y, c*q - 248 = -y. List the prime factors of q.
2, 31
Let k be (0*(-1)/(-2))/1. Suppose k*p = -4*p + 136. Let h = p + 4. What are the prime factors of h?
2, 19
Suppose 1027 = 5*t + 72. List the prime factors of t.
191
Suppose -93*s + 218205 = -96879. List the prime factors of s.
2, 7, 11
Let y(g) = g**2 - 18*g - 35. List the prime factors of y(26).
173
Let a(q) = 21*q - 5. Let r be a(-5). Let p = r - -194. List the prime factors of p.
2, 3, 7
Suppose -4*k = 13 - 165. What are the prime factors of (k - (-6 + 4)) + 0?
2, 5
Let m(d) = 31*d**2 + 220*d - 13. List the prime factors of m(-10).
887
Let u = 8 - 8. Let l(i) = u*i + 7 + 1 - i. List the prime factors of l(-5).
13
Let u(r) = 9*r**2 - 33*r + 43. Let p(h) = 5*h**2 - 17*h + 21. Let n(d) = -7*p(d) + 4*u(d). What are the prime factors of n(11)?
3
What are the prime factors of 22 + 1*(7 - -3)?
2
Let i = 205 + -96. What are the prime factors of (6/(-4))/(-2 - i/(-56))?
2, 7
Let y(b) = -12*b + 51. Let t be y(4). Suppose u - 30 = -3*p + 7, -103 = -t*u - 5*p. List the prime factors of u.
31
Suppose 8509 = 5*c - 4*z, 21*z - 25*z + 16 = 0. What are the prime factors of c?
5, 11, 31
Suppose -w + 4*w = -4*j + 18, -4 = w - 2*j. Suppose w*o - 2 = o. Suppose 4*n + o*r - 42 = 0, -4*r = -4*n - r + 37. List the prime factors of n.
2, 5
Suppose 0 = 6*o - 126 - 516. List the prime factors of o.
107
Suppose -2*h - y = 2*y, 0 = 5*h + 3*y - 9. Let u be -64 + 3 - (h - 2). Let r = -41 - u. List the prime factors of r.
3, 7
Let g(s) = -s**3 - 12*s**2 - 18*s + 5. List the prime factors of g(-13).
2, 3, 17
Let s(b) = -3*b**2 + 2*b - 13. Let p be s(10). Let l = p - -417. Suppose l = 4*g + 3*k, g + k = 3 + 28. List the prime factors of g.
31
Suppose -20 = 4*f + 172. Suppose 129*n = 123*n + 462. Let b = n + f. What are the prime factors of b?
29
List the prime factors of ((-90)/12)/(-3)*(-628)/(-5).
2, 157
Suppose -4*t + 12 = -2*c, -t - t - 10 = -5*c. Let b(w) = -5*w**2 - 2*w + 5. Let k be b(c). Let i = -49 - k. List the prime factors of i.
2, 17
Let q be -1 + (-22)/3*-33. Suppose -q = -6*v + 215. What are the prime factors of v?
2, 19
Suppose 149 = 3*c - 115. Suppose 124 + c = 4*q. List the prime factors of q.
53
Let f = 133 + -123. Let y = -1 - 2. List the prime factors of f/4*(y + 15).
2, 3, 5
Let m(i) = -i**3 - 3*i**2 - 2*i + 2. Let p be m(-3). Suppose -537 = 5*g - p*g. What are the prime factors of g?
179
Suppose 0 = -5*i - 15, 2448 = 3*s - i + 5*i. What are the prime factors of s?
2, 5, 41
Let z = -816 + 1579. Suppose -402 = -5*n + z. List the prime factors of n.
233
Let r = -49 - -33. Let o(i) = -i**3 - 16*i**2 - 4*i - 3. What are the prime factors of o(r)?
61
Let k(v) = v - 1. Let q(d) = 0 - 1 - 40*d + 1. Let u(c) = -2*k(c) - q(c). List the prime factors of u(2).
2, 3, 13
Let b be 2/(-8)*2*2. Let m = b - 1. What are the prime factors of m/(6/123)*-1?
41
Let n be (-76)/(-3) - 20/15. What are the prime factors of (-80)/n*(-6)/4?
5
Let i be (-3)/4 - 121/(-44). Suppose i*u = -2*a + 180, 3*u - 79 = 4*a + 177. Suppose 2*h - 64 - u = -4*k, 2*k - 80 = h. What are the prime factors of k?
3, 13
Let r(f) = 9*f + 9. Let g(d) = 10*d - 2. Let n(j) = j - 1. Let b(t) = g(t) - 6*n(t). Let o(l) = 5*b(l) - 2*r(l). What are the prime factors of o(10)?
2, 11
Suppose f - 2405 = -2*f - m, -3*m + 807 = f. What are the prime factors of f?
3, 89
Suppose 1524 = -85*g + 89*g. List the prime factors of g.
3, 127
Let d(c) = 4*c**2 - 19*c - 31. What are the prime factors of d(-9)?
2, 29
Suppose 644 = 4*n - 12. What are the prime factors of n?
2, 41
Let a(u) = -u**3 + 15*u**2 + 16*u + 56. What are the prime factors of a(-11)?
2, 17, 89
Suppose -84*j = -28433 - 29191. What are the prime factors of j?
2, 7
Let y(j) = 3*j**2 - 4. Let v(r) = -r**2 + 6*r + 3. Let x(h) = -h**2 + 6*h + 6. Let u be x(6). Let n be v(u). List the prime factors of y(n).
23
Let c = -10 + -68. Let h = 50 + c. What are the prime factors of 42/h*(-4)/3?
2
Suppose 3*c - 11*l + 15*l = 9937, 5*l = -5*c + 16565. List the prime factors of c.
3, 5, 13, 17
Let r(y) be the first derivative of -y**3/3 + y**2 + 59*y - 4. Let z be r(0). Let f = z + -33. List the prime factors of f.
2, 13
Let m = -222 - 59. Let n = m + 491. What are the prime factors of n?
2, 3, 5, 7
Let y(m) = -m**3 - 10*m**2 + m + 12. Let b be y(-10). Suppose 0 = -a - 4, 0 = -b*r + 5*a + 28 + 20. What are the prime factors of r?
2, 7
Let x be (16 + -14)/(2/15). Let g = 18 - x. List the prime factors of g.
3
Let t = 1397 + -635. List the prime factors of t.
2, 3, 127
Let i(g) = -7*g**2 + 4*g - 4. Let y be i(3). Let t = 60 + y. List the prime factors of t.
5
Let g = -16 + 19. Suppose -g*l = 2*v - 748, 4*l + 4*v = -v + 995. What are the prime factors of l?
2, 5
Suppose -a - 5*v + 1785 = 0, -37*v = -33*v + 8. List the prime factors of a.
5, 359
Let i(d) = 9*d + 19. Let j be i(8). Let f = j - 47. List the prime factors of f.
2, 11
Let t be (-15)/10*(2 + -4). Suppose -25 = t*r + 2. Let v(z) = -3*z + 8. What are the prime factors of v(r)?
5, 7
Let y = -57 + 93. Suppose 3*w - y = -30. What are the prime factors of w?
2
Let d(a) = -958*a + 146. What are the prime factors of d(-2)?
2, 1031
Let x(p) = 9*p + 225. What are the prime factors of x(-8)?
3, 17
Suppose c = 4*k, -3*c = -0*k - 4*k. Suppose 9*x - 12*x - 3 = k. Let q = 29 + x. What are the prime factors of q?
2, 7
Suppose 4*v - 1212 = -x, v + 3*x - 201 - 113 = 0. List the prime factors of v.
2, 151
Let c(h) = h - 2. Let f = 16 - 10. Let y be c(f). Suppose y*s - 54 = s. What are the prime factors of s?
2, 3
Let s(c) = -c**2 + 9*c + 13. Let m be s(10). Suppose h + 4*h = -5*o - 15, -8 = m*o + 4*h. List the prime factors of o/(-10) + 66/10.
7
Let g = 13 - 18. Suppose -67 = 7*k - 109. Let i = k - g. What are the prime factors of i?
11
Suppose 3*h + 2*h = 270. Let x = 114 - h. What are the prime factors of x?
2, 3, 5
Let y = -13 + 15. Suppose -7 = i + 3*l, y*l - l = -3. Suppose -3*d = 4*u - 81, -3*u = -i*d - 0*u + 37. List the prime factors of d.
23
Let s(d) = d**2 - 7. Let m be s(6). Suppose 34*r - 535 = m*r. What are the prime factors of r?
107
Let s(y) = 205*y - 19. What are the prime factors of s(2)?
17, 23
Suppose 0 = -3*b + 772 + 5. What are the prime factors of b?
7, 37
Suppose c + 2*v - 262 = 2, -4*v = -c + 288. What are the prime factors of c?
2, 17
Suppose 5*n + k = 3481, -3*k = -4*n + 2416 + 365. What are the prime factors of n?
2, 3, 29
Suppose 0 = -5*f + 2 - 47. Let w(t) = -3*t + 22. List the prime factors of w(f).
7
Let w(d) = d**2 + 19*d - 68. Let h be w(-24). Suppose -p + 4*p - 222 = 0. Suppose p + h = 6*y. List the prime factors of y.
3, 7
Let h be (-243)/(-4) + (-6)/8. Let p be (-54)/12*(-4)/6. Suppose p = 3*i - h. What are the prime factors of i?
3, 7
Let r(k) = -279*k - 21. What are the prime factors of r(-1)?
2, 3, 43
Suppose -30 = 3*a + 2*a. List the prime factors of (a - -16)*(8 + -1).
2, 5, 7
Le